s divided by 92.
15
Calculate the remainder when 224 is divided by 71.
11
Calculate the remainder when 64 is divided by 46.
18
Calculate the remainder when 979 is divided by 98.
97
What is the remainder when 189 is divided by 18?
9
What is the remainder when 935 is divided by 186?
5
What is the remainder when 62 is divided by 33?
29
Calculate the remainder when 101 is divided by 13.
10
Calculate the remainder when 210 is divided by 6.
0
Calculate the remainder when 8508 is divided by 14.
10
What is the remainder when 242 is divided by 55?
22
Calculate the remainder when 1562 is divided by 27.
23
What is the remainder when 634 is divided by 634?
0
What is the remainder when 270 is divided by 7?
4
What is the remainder when 1568 is divided by 83?
74
Calculate the remainder when 106 is divided by 9.
7
What is the remainder when 80 is divided by 13?
2
What is the remainder when 19 is divided by 12?
7
What is the remainder when 1079 is divided by 30?
29
Calculate the remainder when 87 is divided by 26.
9
What is the remainder when 58 is divided by 33?
25
What is the remainder when 290 is divided by 33?
26
Calculate the remainder when 261 is divided by 22.
19
Calculate the remainder when 473 is divided by 429.
44
What is the remainder when 1469 is divided by 70?
69
Calculate the remainder when 488 is divided by 361.
127
What is the remainder when 394 is divided by 66?
64
What is the remainder when 409 is divided by 137?
135
Calculate the remainder when 234 is divided by 43.
19
Calculate the remainder when 1762 is divided by 60.
22
Calculate the remainder when 43 is divided by 12.
7
What is the remainder when 198 is divided by 72?
54
What is the remainder when 773 is divided by 43?
42
What is the remainder when 396 is divided by 85?
56
What is the remainder when 40 is divided by 15?
10
What is the remainder when 888 is divided by 14?
6
What is the remainder when 1429 is divided by 85?
69
What is the remainder when 57207 is divided by 30?
27
Calculate the remainder when 507 is divided by 64.
59
Calculate the remainder when 4 is divided by 1.
0
Calculate the remainder when 151 is divided by 19.
18
What is the remainder when 1711 is divided by 78?
73
Calculate the remainder when 82 is divided by 52.
30
Calculate the remainder when 699 is divided by 49.
13
Calculate the remainder when 253 is divided by 86.
81
What is the remainder when 1228 is divided by 45?
13
Calculate the remainder when 700 is divided by 13.
11
Calculate the remainder when 473 is divided by 5.
3
Calculate the remainder when 1101 is divided by 115.
66
What is the remainder when 706 is divided by 19?
3
Calculate the remainder when 5082 is divided by 35.
7
Calculate the remainder when 1574 is divided by 25.
24
What is the remainder when 385 is divided by 110?
55
Calculate the remainder when 543 is divided by 162.
57
Calculate the remainder when 394 is divided by 36.
34
Calculate the remainder when 20689 is divided by 14.
11
What is the remainder when 183 is divided by 15?
3
Calculate the remainder when 13107 is divided by 22.
17
Calculate the remainder when 98 is divided by 47.
4
Calculate the remainder when 237 is divided by 59.
1
Calculate the remainder when 875 is divided by 68.
59
What is the remainder when 21194 is divided by 15?
14
Calculate the remainder when 206 is divided by 27.
17
Calculate the remainder when 298 is divided by 72.
10
Calculate the remainder when 112 is divided by 46.
20
Calculate the remainder when 15838 is divided by 160.
158
Calculate the remainder when 24 is divided by 16.
8
Calculate the remainder when 315 is divided by 29.
25
Calculate the remainder when 25 is divided by 25.
0
Calculate the remainder when 165 is divided by 118.
47
Calculate the remainder when 31237 is divided by 89.
87
Calculate the remainder when 2726 is divided by 5.
1
Calculate the remainder when 718 is divided by 349.
20
Calculate the remainder when 147 is divided by 66.
15
Calculate the remainder when 108 is divided by 85.
23
What is the remainder when 293 is divided by 78?
59
Calculate the remainder when 1711 is divided by 191.
183
Calculate the remainder when 261 is divided by 38.
33
Calculate the remainder when 1555 is divided by 52.
47
Calculate the remainder when 49 is divided by 26.
23
Calculate the remainder when 265 is divided by 115.
35
Calculate the remainder when 1932 is divided by 35.
7
What is the remainder when 150 is divided by 8?
6
What is the remainder when 2876 is divided by 28?
20
What is the remainder when 143 is divided by 37?
32
Calculate the remainder when 207 is divided by 21.
18
Calculate the remainder when 8191 is divided by 8.
7
Calculate the remainder when 613 is divided by 28.
25
Calculate the remainder when 525 is divided by 179.
167
Calculate the remainder when 973 is divided by 296.
85
What is the remainder when 999 is divided by 198?
9
What is the remainder when 517 is divided by 174?
169
What is the remainder when 152 is divided by 75?
2
What is the remainder when 21 is divided by 21?
0
Calculate the remainder when 1707 is divided by 15.
12
What is the remainder when 38731 is divided by 421?
420
What is the remainder when 239 is divided by 66?
41
Calculate the remainder when 35 is divided by 21.
14
What is the remainder when 76 is divided by 69?
7
What is the remainder when 62 is divided by 7?
6
Calculate the remainder when 313 is divided by 9.
7
What is the remainder when 978 is divided by 25?
3
Calculate the remainder when 1091 is divided by 1043.
48
What is the remainder when 214 is divided by 111?
103
Calculate the remainder when 512 is divided by 125.
12
Calculate the remainder when 301 is divided by 98.
7
Calculate the remainder when 210 is divided by 44.
34
What is the remainder when 3009 is divided by 52?
45
What is the remainder when 13071 is divided by 76?
75
Calculate the remainder when 59 is divided by 25.
9
Calculate the remainder when 221 is divided by 37.
36
What is the remainder when 487 is divided by 237?
13
What is the remainder when 384 is divided by 27?
6
Calculate the remainder when 97 is divided by 55.
42
Calculate the remainder when 2698 is divided by 209.
190
What is the remainder when 3694 is divided by 16?
14
What is the remainder when 3536 is divided by 29?
27
What is the remainder when 3003 is divided by 167?
164
Calculate the remainder when 487 is divided by 162.
1
Calculate the remainder when 152 is divided by 70.
12
Calculate the remainder when 1032 is divided by 11.
9
What is the remainder when 60 is divided by 48?
12
Calculate the remainder when 7977 is divided by 20.
17
What is the remainder when 74 is divided by 20?
14
Calculate the remainder when 2253 is divided by 24.
21
What is the remainder when 1750 is divided by 575?
25
Calculate the remainder when 226 is divided by 38.
36
What is the remainder when 27 is divided by 20?
7
Calculate the remainder when 3140 is divided by 174.
8
Calculate the remainder when 208 is divided by 53.
49
What is the remainder when 288 is divided by 61?
44
Calculate the remainder when 398 is divided by 16.
14
Calculate the remainder when 1501 is divided by 5.
1
Calculate the remainder when 238 is divided by 65.
43
What is the remainder when 81 is divided by 44?
37
What is the remainder when 772 is divided by 21?
16
Calculate the remainder when 23 is divided by 19.
4
What is the remainder when 946 is divided by 13?
10
Calculate the remainder when 11 is divided by 6.
5
What is the remainder when 21 is divided by 2?
1
Calculate the remainder when 40542 is divided by 255.
252
What is the remainder when 153 is divided by 77?
76
Calculate the remainder when 506 is divided by 116.
42
Calculate the remainder when 88 is divided by 13.
10
What is the remainder when 5585 is divided by 57?
56
Calculate the remainder when 170 is divided by 100.
70
Calculate the remainder when 480 is divided by 165.
150
Calculate the remainder when 343 is divided by 341.
2
What is the remainder when 359 is divided by 99?
62
Calculate the remainder when 447 is divided by 75.
72
Calculate the remainder when 40 is divided by 19.
2
What is the remainder when 2717 is divided by 68?
65
Calculate the remainder when 771 is divided by 155.
151
What is the remainder when 77 is divided by 64?
13
What is the remainder when 8